 12) in base 3?
-12210210
-a34 (base 12) to base 11
-1126
Convert -297 (base 13) to base 4.
-13032
What is 220041 (base 6) in base 16?
46f9
Convert -2515 (base 9) to base 8.
-3525
4022 (base 5) to base 14
288
What is -5326 (base 8) in base 7?
-11042
-3162 (base 10) to base 7
-12135
What is -2243403 (base 5) in base 4?
-21320132
181 (base 11) to base 4
3102
What is -2029 (base 11) in base 16?
-a85
2409 (base 10) to base 7
10011
What is -ca (base 13) in base 15?
-b1
Convert 27523 (base 8) to base 3.
121121201
What is -828 (base 16) in base 13?
-c48
What is -19cb (base 13) in base 4?
-330231
-450111 (base 6) to base 10
-37627
Convert 2e9d (base 16) to base 7.
46535
-14433 (base 7) to base 4
-332121
3b1a (base 12) to base 3
100022111
What is -22330 (base 5) in base 14?
-818
Convert -11330203 (base 4) to base 9.
-36361
What is 2310 (base 4) in base 7?
345
Convert 17b8 (base 14) to base 8.
10266
Convert -12305 (base 6) to base 13.
-ab8
Convert 11110100000011 (base 2) to base 15.
4964
Convert 1003322 (base 5) to base 2.
11111011010111
What is -2000344 (base 5) in base 7?
-160253
Convert -1a8 (base 16) to base 10.
-424
What is -116a0 (base 15) in base 13?
-1c353
Convert 2022222 (base 4) to base 11.
6738
123224 (base 5) to base 6
34142
Convert -21840 (base 10) to base 14.
-7d60
Convert 110000110011 (base 2) to base 12.
1983
1111000000111 (base 2) to base 6
55331
Convert 104042 (base 6) to base 5.
234131
Convert -52a (base 12) to base 10.
-754
What is -33203 (base 12) in base 8?
-204143
-774 (base 11) to base 10
-928
Convert 12000100 (base 3) to base 4.
321012
-245 (base 11) to base 15
-146
Convert 35046 (base 7) to base 15.
29bc
What is 1465 (base 8) in base 5?
11241
26037 (base 9) to base 3
220001021
Convert 122102010 (base 3) to base 11.
959a
Convert -10011102012 (base 3) to base 10.
-62267
Convert 1422 (base 5) to base 12.
179
-451 (base 16) to base 6
-5041
Convert ab19 (base 14) to base 13.
10635
1112000 (base 3) to base 11
917
What is 1626 (base 11) in base 4?
200211
Convert -41343 (base 9) to base 10.
-27255
20114 (base 6) to base 13
127c
Convert -14012 (base 5) to base 4.
-101230
Convert 201 (base 4) to base 7.
45
What is 11010110001110 (base 2) in base 14?
4dd4
-4130 (base 6) to base 15
-413
10b3 (base 13) to base 10
2343
What is -30400 (base 5) in base 14?
-a11
-159 (base 10) to base 4
-2133
-5a5 (base 15) to base 9
-1672
Convert -3ba2 (base 14) to base 3.
-112110000
What is 1110110111 (base 2) in base 15?
436
Convert -13044 (base 5) to base 13.
-60a
What is -2200011 (base 3) in base 15?
-89d
Convert 5444 (base 6) to base 4.
103210
Convert -1d1 (base 14) to base 12.
-277
-3c1 (base 15) to base 3
-1011201
Convert 13ea (base 16) to base 12.
2b4a
5444 (base 6) to base 5
20002
-4264 (base 7) to base 8
-2754
What is 11054 (base 7) in base 12?
173b
What is -1d4 (base 14) in base 8?
-576
What is -100101111 (base 2) in base 14?
-179
Convert -1d3c (base 14) to base 8.
-12342
-1b6 (base 12) to base 9
-343
What is -41 (base 7) in base 5?
-104
What is -12566 (base 7) in base 11?
-25a3
Convert 5cb (base 15) to base 11.
a97
What is -10001010111 (base 2) in base 4?
-101113
What is 101101110010001 (base 2) in base 14?
8785
-103004 (base 6) to base 16
-20ec
What is 1784 (base 12) in base 13?
13a2
Convert -22003 (base 9) to base 13.
-683a
-2112111 (base 3) to base 10
-1849
What is 3635 (base 7) in base 8?
2505
-5cc (base 15) to base 12
-919
What is 28a5 (base 15) in base 11?
65a4
-32837 (base 11) to base 8
-134751
What is -a2a1 (base 12) in base 9?
-26234
What is -110412 (base 7) in base 15?
-5b43
-13986 (base 12) to base 13
-c585
What is -635 (base 16) in base 11?
-1215
6905 (base 11) to base 15
2a55
What is 11222 (base 5) in base 14?
420
0 (base 10) to base 11
0
Convert -10202202 (base 3) to base 10.
-2747
What is 101302 (base 4) in base 16?
472
Convert -1035 (base 8) to base 14.
-2a9
What is -25122 (base 6) in base 2?
-111010001010
Convert 3 (base 4) to base 8.
3
What is 2134 (base 8) in base 10?
1116
Convert ee14 (base 16) to base 15.
130d3
Convert 2503 (base 6) to base 15.
2b0
What is -51ac (base 16) in base 7?
-114646
-4010 (base 9) to base 16
-b6d
What is 197 (base 11) in base 12?
16b
Convert 121 (base 9) to base 15.
6a
321532 (base 7) to base 8
155032
-1132 (base 6) to base 12
-1a8
What is -3353 (base 6) in base 10?
-789
What is -12869 (base 13) in base 4?
-20121122
-25bd (base 14) to base 6
-50415
What is -322 (base 12) in base 11?
-387
Convert -7623 (base 13) to base 10.
-16422
1321242 (base 5) to base 4
12131033
What is 1ad9 (base 14) in base 7?
20162
What is 1510 (base 16) in base 3?
21101201
Convert 212001100 (base 3) to base 10.
16803
Convert -1084 (base 9) to base 7.
-2230
What is 10843 (base 14) in base 8?
116153
What is -3472 (base 13) in base 3?
-101002121
What is -1914 (base 10) in base 7?
-5403
-12201 (base 3) to base 10
-154
What is -204 (base 11) in base 6?
-1050
-1767 (base 12) to base 11
-212a
What is 1340 (base 8) in base 7?
2101
eab (base 16) to base 11
2904
Convert 1144224 (base 5) to base 13.
9c10
212221 (base 3) to base 16
286
Convert 24313 (base 5) to base 14.
94d
Convert 3363 (base 10) to base 2.
110100100011
Convert ac9a (base 15) to base 4.
20323303
Convert ca (base 13) to base 15.
b1
Convert 44 (base 8) to base 2.
100100
Convert -45330 (base 7) to base 9.
-16673
-3891 (base 14) to base 4
-2123013
Convert -212210222 (base 3) to base 7.
-101420
Convert 371 (base 13) to base 10.
599
Convert -963 (base 15) to base 4.
-201012
-925 (base 10) to base 4
-32131
Convert -3674 (base 11) to base 5.
-123200
6927 (base 15) to base 8
53450
-8708 (base 14) to base 6
-300004
110111010011000 (base 2) to base 15
85c7
103040 (base 7) to base 8
42710
What is 464 (base 13) in base 7?
2132
What is -120222021 (base 3) in base 9?
-16867
What is -71614 (base 8) in base 7?
-152145
Convert -11201 (base 9) to base 11.
-5666
Convert -132201 (base 4) to base 11.
-1516
What is 30440 (base 5) in base 3?
2201220
Convert 2210 (base 12) to base 9.
5133
What is 10425 (base 6) in base 3?
1222222
What is -b049 (base 14) in base 7?
-154122
-10a (base 11) to base 12
-ab
What is 383 (base 9) in base 12?
226
1268 (base 9) to base 6
4225
Convert 1201212 (base 3) to base 12.
895
What is -607 (base 16) in base 5?
-22133
Convert 779c (base 15) to base 2.
110001100000011
2729 (base 11) to base 12
2070
Convert -1c0a (base 15) to base 9.
-8311
What is 1788 (base 12) in base 8?
5430
What is 1b18 (base 13) in base 14?
16b3
What is -626 (base 8) in base 2?
-110010110
What is -714 (base 12) in base 2?
-10000000000
What is -377 (base 9) in base 15?
-15d
-403 (base 9) to base 13
-1c2
Convert -10b09 (base 14) to base 16.
-9e85
What is 65464 (base 7) in base 3?
211110001
What is -48661 (base 9) in base 2?
-111111101101001
What is 402 (base 10) in base 13?
24c
Convert 41253 (base 6) to base 7.
22023
18855 (base 9) to base 8
31443
What is -337 (base 10) in base 16?
-151
What is 320112 (base 5) in base 9?
15551
-690 (base 13) to base 7
-3204
Convert -21303 (base 6) to base 15.
-ce9
-17b (base 13) to base 12
-1a7
Convert 3330112 (base 4) to base 3.
211011011
Convert 47a3 (base 12) to base 16.
1f6b
Convert 10313232 (base 4) to base 7.
112110
What is -111100000 (base 2) in base 8?
-740
Convert 4142 (base 6) to base 2.
1110011110
Convert -12355 (base 11) to base 2.
-100010100111110
-143 (base 16) to base 4
-11003
-2203220 (base 4) to base 10
-10472
What is -1101222210 (base 3) in base 9?
-41883
Convert 241a (base 13) to base 11.
3910
-1212 (base 12) to base 4
-133232
-1140313 (base 5) to base 10
-21333
Convert -163 (base 12) to base 15.
-e9
What is -321 (base 11) in base 7?
-1061
What is -bc30 (base 15) in base 14?
-1075c
Convert -5613 (base 9) to base 5.
-113033
Convert -2043 (base 8) to base 15.
-4a9
10a (base 12) to base 7
310
Convert b178 (base 14) to base 3.
1112211010
What is 1029 (base 16) in base 7?
15030
What is -378 (base 15) in base 4?
-30110
1172 (base 8) to base 14
334
-26b (base 13) to base 16
-1ab
9418 (base 10) to base 2
10010011001010
12101 (base 7) to base 11
23a2
20140 (base 5) to base 12
8bb
What is -79a (base 14) in base 13?
-8c0
Convert -52 (base 13) to base 4.
-1003
What is 866 (base 10) in base 4?
31202
-10000010110011110 (base 2) to base 16
-1059e
-1057 (base 9)